776*y + 624. What is the greatest common divisor of y and q?
48
Let k(v) = -37*v + 100. Let x be k(7). Let y = x - -165. Let m be (6/4)/(1/10). What is the greatest common divisor of m and y?
3
Let r = -2572 - -2815. What is the highest common factor of 1 and r?
1
Let c = 161 - 106. Let h(g) = g**2 - 3*g + 8. Let n be h(3). Let y be ((-2)/n)/(4/(-80)). What is the highest common divisor of c and y?
5
Let v = 162 + -155. Suppose -2*a = -4, -3*a = 3*z - v*z + 1866. What is the greatest common factor of z and 52?
52
Let d = 17 + -9. Let a = -92 + 68. Let c be a/(2/12*-3). Calculate the highest common divisor of d and c.
8
Suppose 10*q + 99 = 7*q. Let j = -29 - q. Suppose 141 - 21 = j*a. Calculate the greatest common factor of 6 and a.
6
Suppose 847*m - 63100 = 828*m - 18469. What is the greatest common factor of 58 and m?
29
Suppose 0 = -22*x + 23*x + 35. Let n be 10/(-120)*-3 - x/4. Calculate the highest common divisor of 9 and n.
9
Suppose 3*p - 32 = p. Let u be (2 + 2)*76/p. Let m be (4080/34 - 38) + -7 + 1. What is the greatest common divisor of u and m?
19
Let y be (3 + 60/(-9) - -7)*(-99)/(-6). Calculate the greatest common factor of y and 34375.
55
Let j = -6768 - -6863. Calculate the greatest common divisor of 1539 and j.
19
Suppose -26463 = -5*c + 2*p, -84 = -2*p - 92. What is the highest common divisor of 74 and c?
37
Let a be (-33)/6*(-2960)/220. Let c(j) = -j**3 + 9*j**2 + 7*j - 2. Let d be c(8). Let h = a + d. Calculate the greatest common divisor of 24 and h.
24
Suppose -g - 2*g - 25 = -5*d, 0 = -3*d - g + 1. Let n be (d/(-5))/((-4)/(-2240)*-2). Suppose -2*k - 14 + 46 = 0. What is the greatest common divisor of n and k?
16
Let b be 31/7 + (-15)/35. Suppose 4*x + 9 = -b*v + 49, -4*x - 5*v = -41. Let s be 1/(-3) - (-327)/9. Calculate the greatest common factor of x and s.
9
Suppose -4*r + 161 = -5*a + 4371, 0 = 5*a + r - 4235. Let k = -639 + a. Calculate the greatest common factor of k and 45.
9
Suppose 386*n - 121*n = 1590. Calculate the greatest common factor of n and 969.
3
Suppose -6 = -32*m + 30*m. Let n be 2 + 44 + 3/(m/(-2)). Let c = 35 + -13. Calculate the highest common factor of c and n.
22
Let r be (192/(-9))/((-91)/546). Calculate the greatest common divisor of r and 288.
32
Suppose -2648 - 2552 = 35*p - 48*p. Calculate the highest common factor of p and 32.
16
Suppose 6*w + 24 = 10*w. Suppose w + 9 = -3*a, -13 = -2*v + 5*a. Let f be v*3/(-6)*5. What is the highest common factor of 5 and f?
5
Let i(s) = 3*s**2 - 8*s + 44. Let t be i(7). Let k = t - -96. What is the greatest common factor of k and 33?
33
Let m(d) = 8*d**2 - 15*d + 169. Let j be m(8). Calculate the greatest common divisor of 408 and j.
51
Let j = -365 - -371. Let g(b) = 38*b - 138. Let v be g(j). Calculate the highest common factor of 18 and v.
18
Suppose 39 + 45 = -7*j. Let r be (-89 + 88)*1*j*1. Calculate the highest common factor of 28 and r.
4
Suppose 248*p - 250*p + 5896 = o, -5903 = -o - p. Calculate the highest common factor of o and 12.
6
Let a(h) = -h**3 + 6*h**2 - 5*h + 1. Let t be a(2). Let z be -30*((-40)/(-15) + -3). Let f be 0 + z + (-15)/5. Calculate the greatest common divisor of f and t.
7
Let p(u) = 4*u + 2. Let g(s) = -3*s - 3. Let q(w) = 3*g(w) + 2*p(w). Let t = -17 - 4. Let k be q(t). Calculate the highest common factor of k and 160.
16
Let a(v) = -2*v + 43 - 4*v**2 + v**3 + 16*v - 75 - 5*v**2. Let q be a(8). Let i be 156/q*-1*(-16)/3. Calculate the highest common divisor of i and 13.
13
Let p be (-1)/(-2)*(-19 - -5). Let d = 203 + -141. Let s = p + d. What is the highest common divisor of s and 11?
11
Let r = -167 - -174. Suppose -26 = -a + 5*l, r*l = -2*a + 2*l + 37. Calculate the highest common factor of 105 and a.
21
Let y = 4640 + -4109. Calculate the greatest common factor of y and 7257.
177
Suppose -f = -3*i - 8, -8*f = -10*f + i + 56. What is the highest common divisor of 2656 and f?
32
Let g(l) = 262*l - 1158. Let f be g(5). Calculate the greatest common divisor of 1026 and f.
38
Let k(f) = -5*f + 133. Let y be k(9). Suppose -2*u = u - 66. What is the greatest common factor of y and u?
22
Let n(y) = 34*y - 1. Let s be n(1). Let v = 13087 + -12636. What is the highest common divisor of s and v?
11
Let d be (-4 - 66/(-24))/(1/(-4)). Suppose -5*p + 0*p - 1725 = -5*y, 0 = -2*y + d*p + 705. Calculate the greatest common factor of 20 and y.
20
Let k(d) = d**2 + 12*d - 4. Let j be k(-12). Let c be ((-17768)/11)/j - (-4)/22. Suppose 395 = 17*u - c. What is the greatest common factor of u and 470?
47
Suppose -3420 = -20*l + 8*l. Suppose -22*u = -27*u + 570. What is the highest common divisor of u and l?
57
Let u(d) = d**3 + 5*d**2 - 20*d - 89. Let l be u(-6). Let o be 3872/33 + (l - (-17)/3). What is the highest common divisor of o and 4?
2
Suppose 15*u - 25 = 10*u, 0 = 2*v - 5*u + 25. Suppose v = -c - 12*c + 10829. Calculate the highest common divisor of 17 and c.
17
Let o = -699 + 994. Let t = o - 186. Let p = t - 97. Calculate the greatest common factor of p and 60.
12
Suppose 0*k - 5*f = -4*k + 235, 2*k + 5*f - 125 = 0. Let n be (-219)/(-4) - k/80. Let a be (-58)/(-12) - (-9)/n. What is the highest common factor of a and 20?
5
Suppose 0 = -4*n - 38 + 470. Let t be ((-8)/(-6))/(5/(-585)*-3). Suppose 4 = j - 2*f, 2*f + t - 12 = 4*j. What is the greatest common divisor of j and n?
12
Suppose 397*m - 402*m = -1380. What is the highest common factor of m and 644?
92
Let x be 2/13 - 312/(-169). Suppose -x*h = 2*h - 12. Suppose 0 = 3*c + 3*b - 945, -h*b - 2051 = -5*c - 444. Calculate the greatest common factor of c and 29.
29
Suppose 0 = 5*r + 135 + 10. Let s be (r/((-319)/(-66)))/(1 - 4). What is the greatest common divisor of 26 and s?
2
Suppose -8855 = d - 12*d. Let q = d - 764. What is the greatest common divisor of q and 369?
41
Let r(v) = -v**3 + 7*v**2 + 7*v + 26. Let f(d) = 10*d - 43. Let y be f(5). Let a be r(y). Calculate the highest common divisor of 25 and a.
25
Let k(y) = y**3 - y**2 + 4*y + 5. Let c be k(3). Let h be -2 + (-2 - -11) + c. Calculate the highest common factor of 350 and h.
14
Let d(q) = q**2 - 4*q - 4. Let r(v) = 3*v**2 - 2*v + 3. Let b be r(3). Let h = b - 27. Let s be d(h). What is the highest common factor of 17 and s?
17
Let m be (21 - (0 + 3))/((-144)/(-66168)). Calculate the highest common factor of 9 and m.
9
Let h(r) = 10*r**2 + 2. Let a(m) = m**2 - 12*m + 16. Let t be a(11). Let l = t - 7. Let z be h(l). Calculate the greatest common divisor of 14 and z.
14
Let d = 17035 - 7124. Calculate the highest common factor of 17 and d.
17
Let a(r) = r - 1. Let p(i) = 0*i + 11 - 2*i + 12. Let z(q) = 3*a(q) + p(q). Let c be z(-18). What is the greatest common factor of 18 and c?
2
Suppose 5*u = 10, -58*u - 25 = -3*c - 63*u. What is the highest common factor of c and 20?
5
Let x = -5878 + 6340. Calculate the greatest common divisor of x and 627.
33
Let k be (-57)/(-12) + 2/8. Suppose 4*u - 14 - 54 = 0. Suppose -u = -5*x + 5*d + 18, 2*x = 3*d + 19. Calculate the highest common divisor of x and k.
1
Let w be (-3)/7 + (-2178)/(-231). Let a(b) = b**3 + 11*b**2 + 6*b + 6. Let h be a(-4). Let c = h + -67. Calculate the highest common divisor of c and w.
9
Suppose 0 = 2*f + 18*f - 4440. Suppose -4*i + 2*p + f = 0, -3*i + 6*p = p - 163. Calculate the highest common factor of i and 7.
7
Let t(m) = -670*m - 5421. Let k be t(-10). What is the greatest common divisor of k and 1?
1
Let l be 2/1 - 3/((-6)/116). Let h = l - 57. Suppose 9 = h*z - 3. What is the highest common divisor of z and 20?
4
Let l = 16 + 71. Let k be l/29 - (2/2 - -30). Let z = -17 - k. What is the highest common factor of 1 and z?
1
Let s be (-2 - -3)*(3 + -5). Let p be (5/(30/(-2)))/(s/252). Let d = 1312 - 850. Calculate the greatest common factor of p and d.
42
Suppose -4*r + 562 = 5*w, 2*r + 0*r = 3*w - 324. Let d = w + -79. What is the highest common factor of d and 217?
31
Let n = 5093 - 4922. What is the greatest common factor of 494 and n?
19
Let f = -3402 - -9573. What is the highest common divisor of f and 51?
51
Suppose -294 = -5*y - 2*f - f, -2*f = -2*y + 108. Let n(u) = -267*u + 29141. Let r be n(109). Calculate the highest common factor of y and r.
19
Suppose 6*l - l = -50. Let j be (-162)/(-45) + (-4)/l. Let t(r) = 2*r + 12. Let q be t(8)